 = 0. What is the hundreds digit of g?
4
Let a = 2798 + -2031. What is the hundreds digit of a?
7
Let w(z) = -4 - 9 - 3*z + 25 + 4 + 17. What is the units digit of w(-26)?
1
Suppose 558 + 8362 = 4*m. Suppose -5*i = -4*j - m, -2*i - 15*j + 11*j = -920. What is the tens digit of i?
5
Suppose -9*w + 120 = -132. Suppose -2*c - 2*c + 4*q + 96 = 0, w = c - 2*q. What is the units digit of 8/c + (-129)/(-15) - 2?
7
Suppose 5*h = -4*k + 26, -4*h - 6 = h - 4*k. Suppose h*f + 12580 = 22*f. What is the tens digit of f?
2
Let h = 29216 + -25239. What is the thousands digit of h?
3
Let j(m) = 875*m + 4758. What is the ten thousands digit of j(13)?
1
Suppose -21*d + 85206 - 14334 = -176172. What is the units digit of d?
4
Suppose 55*y = 76*y - 570885. What is the thousands digit of y?
7
Suppose j = u + 47697, 949*j - 947*j + 2*u - 95418 = 0. What is the ten thousands digit of j?
4
Suppose -2 = -n, 1402*l = 1405*l - 5*n - 68738. What is the units digit of l?
6
Let o = 7415 - 4449. Suppose 3*g - x + 6*x - o = 0, -5*g - 5*x = -4960. What is the units digit of g?
7
Let f(l) = 738*l**2 + 29*l - 104. What is the hundreds digit of f(5)?
4
Suppose 3*p - 2*q = 54128, p - 4*q - 4415 = 13621. What is the hundreds digit of p?
0
Let p = -3141 - -4478. Suppose 1151 = 8*h - p. What is the tens digit of h?
1
Let g(l) = 387*l**2 + 258*l + 2. What is the thousands digit of g(-5)?
8
Suppose -40476 = 9*o + 28896. What is the units digit of o/(-24) + -3 + 34/12?
1
Let d(v) = -40*v - 356. Let b be d(-9). Let q be 2/2*2 + 0. Suppose -b*o - 20 = 0, -f = -0*o - q*o - 41. What is the tens digit of f?
3
Suppose 3*t - 37480 = n, -660 + 650 = -2*n. What is the thousands digit of t?
2
Suppose -47*f = -34*f - 76817. What is the hundreds digit of f?
9
Let j = -23 + 9. Let p(q) = 10*q**3 + 49*q**2 + 14*q - 52. Let w(n) = -3*n**3 - 16*n**2 - 4*n + 17. Let d(v) = 2*p(v) + 7*w(v). What is the units digit of d(j)?
5
Let z(d) = 215*d**2 - 194*d**2 + 4*d**3 - 30*d - 28 - 11*d**3 + 6*d**3. Let c(u) = -2*u**3 - 3*u**2 + 3*u + 1. Let t be c(-3). What is the tens digit of z(t)?
2
Suppose 101*o = 111*o. Suppose -13*s - s + 504 = o. What is the units digit of s?
6
Let a(q) = -530*q - 13 + 1096*q - 463*q. What is the tens digit of a(7)?
0
Let s(i) = 50*i + 42. Let x(b) = -12*b - 11. Let u(a) = 4*s(a) + 18*x(a). What is the tens digit of u(-29)?
3
What is the units digit of (165690/(-60) - 11)*(-16)/10?
6
Let c = 125 + -131. Let u be c/(-27) + 127855/(-45). What is the units digit of ((-18)/(-51))/(-3) + u/(-17)?
7
Suppose 2*c - 2 = -4*j, 0*c - c - 20 = -5*j. What is the hundreds digit of (-3 - (-13)/j)/((-4)/(-1176))?
3
Suppose -3*v = -2*m + 2*v - 81, -3*m - 104 = -4*v. Let l = m - -33. Suppose -l*f + 5*k + 320 = 0, -9*k = -2*f - 5*k + 136. What is the units digit of f?
0
Let b be (4/3)/((-40)/(-6060)). Let i = 595 - b. What is the tens digit of i?
9
Suppose -7*m + 7 + 28 = 0. Suppose 4*s = 4*b + 612 + 108, 3*s - 902 = m*b. Let w = b - -266. What is the tens digit of w?
8
Let q(k) = k**3 + 32*k**2 + 57*k - 91. Let x be q(-30). What is the tens digit of (5 - x)*(8 + (-55)/10)?
1
Let z(h) = -7*h**3 - 42*h**2 - 526*h - 34. What is the hundreds digit of z(-11)?
9
Let u(n) = -3*n + 8. Let r be u(4). Let q be (r/3)/((-2)/(-84)*-1). Suppose -5*g - 21 = -q. What is the units digit of g?
7
Let d(w) = 6*w**2 - 59*w - 644. What is the thousands digit of d(-20)?
2
Let d(r) = 8*r**2 + 2*r + 86. What is the hundreds digit of d(-29)?
7
Suppose -n = 3*n - 4*c - 60, 99 = 5*n + 3*c. Let q = -70 - 1. Let u = n - q. What is the tens digit of u?
8
What is the units digit of (-197536)/(-28) - 5/(-175)*5?
5
Suppose -3*a - 3 = 0, -h + 6302 = -a - 2638. What is the hundreds digit of h?
9
Let v = -9 - 0. Let g = v - -13. What is the tens digit of (-3 - (-57)/2)*g?
0
Let t be (2220/9)/((-2)/(-3)) - -4. Suppose -i = -172 - t. What is the hundreds digit of i?
5
Suppose 123*t - 2108610 = 18*t. What is the tens digit of t?
8
Suppose -29*j + 45735 + 65045 = 0. Suppose 17*a = 5666 + j. What is the tens digit of a?
5
Let r(z) = -164*z**3 + z**2 - 3*z - 34. What is the units digit of r(-3)?
2
Suppose 2*k = 3*o - 349, -3*o = -2*k + 6*k + 743. Let y(s) = -104*s - 4. Let v be y(-3). Let c = v + k. What is the units digit of c?
6
Let o = -51 - -63. Let x be (-2)/(-12) + 5074/o. Suppose -5*l = -x - 322. What is the units digit of l?
9
What is the ten thousands digit of 4*2673 - (9 + 8 + -8 + -8)?
1
Suppose -38*c = -13*c - 170589 - 175536. What is the units digit of c?
5
Let y = -37 + 47. Let t = y + -3. What is the units digit of 2/7*t/2?
1
Suppose 4244 - 1400 = 36*t. Suppose -t*m = -81*m + 2108. What is the tens digit of m?
5
Let k = 9529 + -7420. What is the units digit of k?
9
What is the tens digit of 2/((-10)/(-3)) + 65751/15?
8
Let w(y) = y**3 + 7*y**2 + 3*y + 61467. What is the ten thousands digit of w(0)?
6
Suppose -10*v + v = -2007. Suppose 3*k + 4*j = 1040, k + 2*j - v - 121 = 0. What is the units digit of k?
2
Let p(v) = 5*v - 8. Let b be p(1). Let a(o) be the second derivative of -20*o**3/3 + 11*o**2/2 - 2*o. What is the hundreds digit of a(b)?
1
Let h(g) = -3*g + 35. Suppose 8*f + j = 3*f + 58, 2*f + 3*j = 31. Let a be h(f). Suppose 5*p - 258 = -2*r, -2*r = a*p - 176 - 88. What is the units digit of r?
4
Suppose -4*b + 40 = -0*b. Let j be (-24)/b + 2/5. Let g(d) = -17*d - 10. What is the units digit of g(j)?
4
Suppose 6*i - 5*i + 8*i = 50805. What is the thousands digit of i?
5
Let l(h) = h**2 + 18*h + 238. Let v(c) = 2*c**2 + 35*c + 473. Let g(r) = 9*l(r) - 4*v(r). What is the hundreds digit of g(-17)?
1
Let g = 74 + 481. Let k = -199 + g. What is the hundreds digit of k?
3
Let j be (-23 - 3)*((-5)/2 - -1). Suppose -j*u = -44*u + 35. What is the hundreds digit of u/21 + (-1664)/(-12)?
1
Suppose -7*q - 2*v + 258 = q, -4*q = 3*v - 123. Suppose -32*f + q*f + 4*h - 1030 = 0, -h - 3 = 0. What is the thousands digit of f?
1
Suppose -31176 = -2*q + 2*f, 111910 = 6*q + 5*f + 18415. What is the thousands digit of q?
5
Suppose -4*f + 23041 = -4347. What is the units digit of f?
7
Let j = 1 - -2. Let b = -268 + 272. Suppose -j*f = -f - 6, b*f = -2*m + 116. What is the units digit of m?
2
Suppose -r + 7860 = -3*h, -6*h + 7*h = -4*r + 31505. What is the units digit of r?
5
Let t(l) = -2*l - 1. Let c(v) = -202*v - 81. Let z(d) = c(d) - 2*t(d). What is the units digit of z(-4)?
3
Suppose 308992 + 160388 = 22*i + 154538. What is the units digit of i?
1
Suppose 0 = 2*y - 3*t - 7, 4*y + 7*t = 3*t + 24. What is the hundreds digit of y/((-25)/(-4795)) - -1 - 5?
9
Let z(o) = -o**2 - 2*o - 1. Let n be z(-1). Let l(h) = -h + 64*h**2 + 88 - 62*h**2 - h. What is the tens digit of l(n)?
8
Let s(u) be the second derivative of 119/2*u**2 + 1/12*u**4 + 0 + 1/2*u**3 + 15*u. What is the tens digit of s(0)?
1
Suppose -2*g + 4155 = -l - 1145, -3*g + 5*l + 7943 = 0. Suppose -3*o - 981 = -b - g, -4*o - 3*b = -2218. What is the tens digit of o?
5
Suppose 2*k = -5*p + 7041, 1404 = -6*p + 7*p + k. What is the hundreds digit of p?
4
Let v(n) be the first derivative of -n**4 + n**3/3 - 4*n**2 - 25*n + 135. What is the hundreds digit of v(-6)?
9
Suppose 60*f - 63*f - r + 94368 = 0, 0 = 4*f + 3*r - 125814. What is the ten thousands digit of f?
3
Suppose -806378 = -71*o - 224959. What is the hundreds digit of o?
1
Suppose 760*w - 1878616 - 4603275 = 4475029. What is the tens digit of w?
1
Suppose -172*g + 5883955 + 461469 = 0. What is the thousands digit of g?
6
Let t(g) = g**2 + 5*g - 1. Let n be t(-3). Let o(u) be the third derivative of -7*u**4/12 + 61*u**3/6 + 3417*u**2. What is the hundreds digit of o(n)?
1
Let f(v) = -21*v**2 + 11*v - 18. Let i be f(2). What is the units digit of (20360/i)/(1/(-2))?
9
Suppose 391*r + 47411 = 395*r + k, 23674 = 2*r - 4*k. What is the thousands digit of r?
1
Let r = -14 - -16. Let x(y) = 3*y**2 + 9*y**2 - 4 + 13 - 10*y - 8*y**r. What is the hundreds digit of x(8)?
1
Suppose -424*v + 453*v - 872523 = 0. What is the thousands digit of v?
0
Let q = -29 - -31. Suppose -3*t = -14 + q. Suppose -t*m = -2*g + 3*g - 27, 3*g - 3*m - 156 = 0. What is the units digit of g?
7
Suppose 763*c - 752*c - 95953 = 0. What is the tens digit of c?
2
Suppose 5*j = 184*r - 189*r + 64215, -5*r = -5*j + 64155. What is the units digit of j?
7
Let v(k) = -